on factor of 2215 and 29161361?
443
What is the highest common factor of 288 and 3135830688?
288
Calculate the greatest common factor of 222867734 and 38968.
9742
Calculate the greatest common divisor of 8807520 and 1920.
480
What is the greatest common factor of 1124122 and 186?
62
Calculate the greatest common factor of 275 and 6798341.
11
What is the greatest common factor of 55386760 and 64768?
2024
What is the highest common divisor of 195 and 418639?
13
Calculate the highest common factor of 360 and 237582880.
40
Calculate the greatest common factor of 66334686 and 33.
33
What is the highest common divisor of 2004775531 and 11?
11
What is the greatest common factor of 27952695 and 30?
15
Calculate the greatest common divisor of 7282 and 733216.
22
Calculate the highest common factor of 248 and 470724.
4
Calculate the highest common divisor of 3239881 and 337499.
547
Calculate the greatest common divisor of 2264 and 18335004.
1132
Calculate the greatest common factor of 1354271 and 804.
67
Calculate the highest common factor of 1284716 and 65152.
2036
Calculate the highest common factor of 86 and 161448832.
86
Calculate the greatest common divisor of 98709 and 6981.
39
What is the greatest common factor of 159 and 607698?
159
What is the greatest common divisor of 1845340 and 44933?
343
What is the highest common divisor of 872 and 12431014?
218
What is the greatest common factor of 840162 and 35898?
186
Calculate the greatest common factor of 4884 and 235638755.
407
Calculate the highest common factor of 146565 and 41940.
45
Calculate the greatest common divisor of 320 and 44703664.
16
Calculate the highest common divisor of 1288 and 58328046.
322
What is the greatest common factor of 1188 and 356697?
297
What is the greatest common divisor of 2449760 and 1080?
40
Calculate the highest common divisor of 752035 and 190.
5
Calculate the greatest common factor of 4239 and 27353325.
471
Calculate the highest common factor of 4531324 and 1372.
196
What is the highest common divisor of 36 and 64581828?
12
What is the greatest common divisor of 283959 and 34047?
351
Calculate the greatest common factor of 43825677 and 7497.
357
Calculate the highest common divisor of 3408 and 75684.
12
What is the highest common divisor of 5038 and 16146103?
229
What is the greatest common factor of 1246969432 and 808?
808
What is the greatest common factor of 82812982 and 1732?
866
Calculate the highest common factor of 16149 and 4867001.
769
What is the greatest common factor of 3054 and 17106?
6
Calculate the greatest common divisor of 1235 and 281344362.
247
Calculate the highest common divisor of 146059824 and 192.
48
What is the greatest common factor of 12627 and 30154679?
1403
What is the highest common factor of 9331150 and 105?
5
Calculate the greatest common divisor of 487725 and 1725.
75
Calculate the greatest common divisor of 2835 and 24920.
35
What is the highest common factor of 708 and 2957778?
6
What is the greatest common divisor of 124722 and 28044?
738
Calculate the greatest common divisor of 937 and 541339569.
937
Calculate the greatest common divisor of 1018 and 730077024.
1018
What is the greatest common factor of 20 and 36110?
10
Calculate the greatest common factor of 6764223 and 13747.
233
What is the highest common divisor of 122 and 263706965?
61
What is the highest common factor of 387570 and 1230?
30
What is the greatest common divisor of 11335936 and 19328?
128
Calculate the highest common factor of 1591863 and 6615.
147
Calculate the greatest common divisor of 1670264 and 19108.
1124
Calculate the greatest common divisor of 498086740 and 340.
340
Calculate the highest common divisor of 48949818 and 9279.
3093
Calculate the highest common divisor of 55 and 298860.
5
Calculate the highest common factor of 232456 and 3923288.
4744
What is the highest common divisor of 1144 and 126550567?
143
Calculate the greatest common factor of 64169 and 90125.
721
Calculate the greatest common divisor of 27 and 11116350.
9
What is the greatest common factor of 4311 and 7606999?
479
What is the highest common divisor of 28050847 and 164?
41
Calculate the highest common factor of 49946 and 494.
26
What is the greatest common factor of 1958 and 34203697?
11
Calculate the greatest common divisor of 20160 and 19908144.
144
Calculate the highest common divisor of 729 and 38157318.
729
Calculate the highest common divisor of 7719 and 5634591.
93
What is the highest common factor of 331519907 and 4947?
1649
Calculate the highest common divisor of 521 and 260897523.
521
What is the highest common factor of 28736 and 149888?
64
What is the greatest common divisor of 976591 and 16940?
847
Calculate the highest common divisor of 369840 and 1675.
335
What is the highest common divisor of 182 and 249318748?
14
What is the greatest common divisor of 1712 and 568336?
16
Calculate the greatest common divisor of 57487089 and 132.
33
Calculate the highest common divisor of 13 and 54016742.
13
What is the highest common divisor of 4090625 and 748?
187
What is the greatest common factor of 570 and 2134500?
30
What is the highest common factor of 720 and 99250524?
36
Calculate the highest common factor of 135 and 37703685.
15
Calculate the greatest common divisor of 52268399 and 2501.
2501
Calculate the greatest common divisor of 3001457 and 1177.
107
What is the greatest common factor of 41402 and 1069932?
326
What is the highest common factor of 184 and 1868221?
23
Calculate the highest common factor of 74601 and 27323.
307
What is the highest common factor of 257377269 and 6?
3
What is the highest common divisor of 1787400 and 197775?
675
Calculate the highest common factor of 12927125 and 38000.
2375
What is the highest common factor of 54519 and 162299?
17
Calculate the greatest common factor of 2835 and 46585.
35
Calculate the highest common divisor of 12776 and 40868827.
1597
What is the greatest common divisor of 201467525 and 35?
35
Calculate the greatest common factor of 14625 and 43706975.
325
Calculate the greatest common factor of 2352 and 8790048.
48
Calculate the highest common factor of 180 and 724820355.
45
Calculate the greatest common factor of 291563388 and 648.
324
What is the greatest common divisor of 1788816 and 673296?
3984
Calculate the highest common factor of 308 and 1456.
28
Calculate the greatest common divisor of 30940 and 5115929.
1547
Calculate the greatest common divisor of 3008 and 70855696.
752
What is the highest common factor of 10103951 and 572?
143
What is the greatest common factor of 26174 and 31864?
1138
Calculate the greatest common factor of 159164761 and 2737.
2737
What is the greatest common factor of 554425 and 20368?
67
What is the highest common factor of 41070727 and 1179?
131
What is the greatest common factor of 452681 and 185074?
2501
What is the greatest common factor of 8844 and 7478?
2
What is the highest common divisor of 313898274 and 36?
18
Calculate the highest common divisor of 14487 and 72699.
33
What is the greatest common divisor of 942 and 8461986?
942
Calculate the highest common factor of 116 and 9943868.
116
What is the greatest common factor of 100 and 3024925?
25
What is the highest common factor of 3285 and 61556155?
365
Calculate the greatest common factor of 14264419 and 26.
13
Calculate the greatest common factor of 2634 and 38181147.
1317
What is the greatest common divisor of 448 and 42734?
2
What is the greatest common factor of 558 and 17579790?
558
What is the greatest common factor of 346871725 and 881?
881
What is the highest common factor of 10777 and 695531?
829
What is the highest common divisor of 22 and 802778?
2
Calculate the greatest common factor of 26034 and 16358.
2
What is the highest common factor of 1975 and 706325?
25
What is the highest common factor of 570 and 7278?
6
Calculate the highest common divisor of 1523528 and 4182424.
9704
Calculate the highest common factor of 5401 and 2586285053.
5401
Calculate the greatest common divisor of 657 and 7386651.
657
What is the greatest common divisor of 128 and 14392608?
32
Calculate the greatest common divisor of 664 and 1501306.
2
What is the highest common factor of 856170 and 223230?
210
What is the greatest common div